alculate q(-6).
-13
Let h(l) = l**2 + 4*l. Give h(-3).
-3
Let x(y) = y**3 - 12*y**2 + 10*y - 22. What is x(11)?
-33
Let b(c) = c**3 - 7*c**2 - c + 11. Give b(7).
4
Let k(i) = -13*i - 3. Determine k(2).
-29
Let t(x) = -33*x + 848. What is t(26)?
-10
Let n(i) = 156*i + 10. Calculate n(-1).
-146
Let p(y) = y + 8. What is p(12)?
20
Let v(b) = 2*b**2 - 51*b - 85. What is v(27)?
-4
Let q(r) = -8*r - 2. Calculate q(-2).
14
Let v(z) = 2*z**3 + 6*z**2 + 2*z - 2. What is v(-3)?
-8
Let v(g) = 10*g + 54. Calculate v(-18).
-126
Let d(p) = 2*p**2 + 2*p + 5. Calculate d(-6).
65
Let l(y) = y**2 - 26*y + 113. Calculate l(20).
-7
Let k(n) = n**2 - 4*n + 4. What is k(5)?
9
Let l(d) = -33*d + 28. What is l(5)?
-137
Let g(a) = -a**2 + 1. Calculate g(-5).
-24
Let b(l) = l - 23. Calculate b(5).
-18
Let h(j) = 9*j + 69. What is h(-5)?
24
Let i(w) = -55*w - 881. Calculate i(-16).
-1
Let y(h) = 8*h - 66. Determine y(-3).
-90
Let z(o) = o + 10. What is z(5)?
15
Let n(b) = -b**2 - 11*b + 20. What is n(0)?
20
Let l(t) = t**3 - 7*t**2 + 19*t - 3. Give l(5).
42
Let s(r) = -r**3 + 6*r**2 + 5*r + 11. Calculate s(7).
-3
Let p(i) = 2*i**3 - 40*i**2 - i + 35. Give p(20).
15
Let p(s) = s**3 + s**2 + s. Calculate p(0).
0
Let d(f) = -f**2 - 202*f - 596. Determine d(-3).
1
Let q(x) = 4*x**2 - 78*x - 47. Give q(20).
-7
Let g(w) = w**2 - 13*w + 28. Determine g(12).
16
Let p(h) = h**3 - 7*h**2 + 6*h + 5. What is p(7)?
47
Let i(b) = b**2 + 2*b + 5. What is i(0)?
5
Let s(n) = -2*n**3 - n**2 + 8*n. What is s(2)?
-4
Let r(v) = v - 4. Determine r(9).
5
Let n(y) = -y**3 - 23*y**2 + 5. What is n(-23)?
5
Let w(h) = -2*h**2 - 2*h + 5. What is w(2)?
-7
Let o(h) = -9*h**2 + 64*h - 14. Determine o(7).
-7
Let b(a) = 14*a + 8. Determine b(10).
148
Let g(i) = -i**3 + 2*i**2 + 2*i - 6. Give g(3).
-9
Let s(n) = -2*n + 27. Give s(18).
-9
Let t(n) = 8*n - 6. Determine t(4).
26
Let q(n) = n**3 - 4*n**2 - 4*n - 3. Give q(-2).
-19
Let k(y) = -y**3 + y**2 + 14*y + 18. What is k(0)?
18
Let a(q) = -q - 17. Give a(-14).
-3
Let p(l) = l + 12. Determine p(-11).
1
Let n(s) = s + 5. Determine n(9).
14
Let x(q) = -q**3 + 17*q**2 - 39*q - 47. What is x(14)?
-5
Let i(t) = 148*t + 895. Calculate i(-6).
7
Let u(w) = w**2 - 6*w - 1. Give u(4).
-9
Let o(g) = 2*g**3 + 17*g**2 + 8*g. Determine o(-8).
0
Let n(p) = -p + 23. What is n(26)?
-3
Let l(r) = 5*r**2 + 11*r + 22. Give l(-3).
34
Let p(t) = -t**2 + 2*t + 1. Give p(-1).
-2
Let k(f) = f - 4. Give k(10).
6
Let i(r) = r**2 - r - 26. What is i(5)?
-6
Let m(b) = b**3 + 13*b**2 + 9*b - 12. Calculate m(-12).
24
Let q(m) = -13*m + 1. Give q(-1).
14
Let u(n) = n**2 + 6*n - 5. Determine u(-6).
-5
Let c(m) = -m**2 + 16*m - 12. Calculate c(11).
43
Let d(h) = -226*h - 1131. Determine d(-5).
-1
Let n(x) = x**3 - 4*x + 2. What is n(3)?
17
Let k(r) = -2*r - 23. Calculate k(-10).
-3
Let o(d) = -2*d**2 - 4*d + 2. Determine o(4).
-46
Let h(z) = 2*z**2 + 18*z + 30. Calculate h(-7).
2
Let s(f) = 4*f**2 - 6*f + 8. Give s(2).
12
Let o(j) = 12*j - 3. Calculate o(4).
45
Let x(r) = -r**2 - 6*r - 18. Calculate x(-9).
-45
Let h(y) = 2*y**2 - 5*y + 5. Calculate h(7).
68
Let h(r) = -r**2 + 7*r + 26. Give h(-9).
-118
Let j(r) = -r**3 + 19*r**2 - r + 6. Calculate j(19).
-13
Let f(a) = a**2 + 9*a - 18. Give f(-14).
52
Let d(p) = p**3 + 42*p**2 + 117*p + 10. Give d(-39).
10
Let y(z) = z**2 - 9*z + 3. Calculate y(5).
-17
Let g(s) = 2*s**2 - 2*s - 8. Determine g(6).
52
Let i(r) = 3*r**2 + 13*r - 15. Give i(-5).
-5
Let p(f) = -f**3 - 11*f**2 - 10*f + 7. Give p(-10).
7
Let k(l) = -l**2 - 5*l + 21. What is k(-7)?
7
Let d(i) = i**2 - 11*i + 7. Give d(6).
-23
Let r(c) = -5*c - 40. What is r(-11)?
15
Let w(p) = 2*p + 22. Calculate w(-6).
10
Let b(m) = 3*m**2 + 9*m - 18. Determine b(2).
12
Let f(j) = j**3 - 13*j**2 - 2*j + 27. What is f(13)?
1
Let q(w) = -w**3 - 5*w**2 + 5*w + 8. What is q(-6)?
14
Let i(q) = 5*q**2 - 157*q - 93. Determine i(32).
3
Let r(v) = -11*v**2 + 132*v - 1. Give r(12).
-1
Let k(s) = -s**2 - 10*s - 19. Determine k(-5).
6
Let r(g) = -g**3 - 2*g**2 - 4*g - 1. What is r(3)?
-58
Let q(f) = 7*f**2 + f. Calculate q(2).
30
Let u(j) = 2*j**2 + 19*j - 70. Calculate u(-12).
-10
Let k(a) = a - 12. Give k(14).
2
Let u(t) = -3*t - 22. Give u(-20).
38
Let t(p) = -6*p**2 + 3*p + 1. Give t(-4).
-107
Let l(c) = c**3 + 7*c**2 - 5*c + 8. Determine l(-6).
74
Let b(h) = -h**3 - 7*h**2 - h + 2. Give b(-6).
-28
Let c(y) = -8*y**3. What is c(-1)?
8
Let v(w) = w**2 + 5*w - 25. Calculate v(-7).
-11
Let h(l) = -4*l**2 - 21. Give h(0).
-21
Let t(h) = -5*h - 43. Calculate t(-9).
2
Let x(c) = -c**2 - 53*c - 382. What is x(-9)?
14
Let y(s) = 4*s**2 - 80*s - 88. Determine y(21).
-4
Let p(o) = -12*o**2 - 5*o + 14. Determine p(2).
-44
Let g(h) = h**3 + 12*h**2 - 11*h + 16. Calculate g(-13).
-10
Let w(a) = -11*a + 3. Calculate w(-1).
14
Let h(s) = 53*s - 100. Determine h(2).
6
Let x(r) = 41*r. Give x(-1).
-41
Let a(d) = d + 13. Give a(-11).
2
Let l(y) = -26*y - 1956. What is l(-75)?
-6
Let w(h) = -14*h + 7. What is w(3)?
-35
Let g(q) = 6*q + 22. Calculate g(-2).
10
Let k(a) = a**2 + 6*a + 7. Determine k(-5).
2
Let d(u) = 2*u - 20. Determine d(14).
8
Let p(j) = j**2 - 9*j + 7. Determine p(6).
-11
Let z(c) = 4*c + 63. Give z(-31).
-61
Let z(r) = -r**2 - 16*r + 5. What is z(-13)?
44
Let m(q) = 16*q + 17. Determine m(-2).
-15
Let c(u) = -6*u**3 - 2*u**2 - 3*u - 2. Determine c(-1).
5
Let c(z) = z**3 + 2*z**2 - 9*z - 14. Determine c(-4).
-10
Let y(b) = -23*b + 82. Calculate y(3).
13
Let h(l) = -l - 3. Determine h(10).
-13
Let p(f) = 2*f**2 - 3*f - 2. Give p(2).
0
Let y(f) = f + 16. Calculate y(-7).
9
Let v(q) = -6*q**2 - q + 2. What is v(-3)?
-49
Let t(b) = 9*b + 47. Give t(-11).
-52
Let m(t) = t**3 + 7*t**2 - 9*t. Calculate m(-7).
63
Let h(k) = 11*k**3 + k. Determine h(-1).
-12
Let b(m) = 6*m**3 - 4*m + 4. What is b(2)?
44
Let i(r) = r**2 + 3*r - 12. Calculate i(-5).
-2
Let n(r) = r - 44. What is n(54)?
10
Let b(v) = v**3 + 83*v**2 + 79*v - 240. Calculate b(-82).
6
Let y(q) = q + 10. What is y(-7)?
3
Let s(j) = j**2 - 4*j - 27. Determine s(14).
113
Let y(x) = 3*x**2 - 23*x - 10. Determine y(7).
-24
Let a(x) = 3*x - 5. What is a(4)?
7
Let z(v) = -v**2 + 5*v + 1. What is z(10)?
-49
Let b(q) = -q**3 - 7*q**2 - 13*q - 7. Determine b(-5).
8
Let d(w) = w - 11. Determine d(-6).
-17
Let g(s) = -s**2 - 28*s - 3. What is g(-28)?
-3
Let a(l) = -l**2 - 3*l - 4. Determine a(-4).
-8
Let b(u) = 4*u**2 - 3*u + 2. Calculate b(1).
3
Let f(y) = -102*y - 2451. What is f(-24)?
-3
Let r(l) = -l**2 - 12*l - 26. What is r(-6)?
10
Let q(j) = -j**3 + 9*j**2 + 9*j + 13. Calculate q(10).
3
Let c(x) = 25*x + 76. Calculate c(-3).
1
Let b(f) = -3*f + 16. Calculate b(5).
1
Let z(c) = -6*c - 20. Give z(-6).
16
Let r(d) = -d**3 - 4*d**2 + 2*d + 2. Give r(-4).
-6
Let j(n) = -n**2 - 8*n - 14. Calculate j(-5).
1
Let t(q) = 8*q**2 + 61*q - 7. Determine t(-8).
17
Let d(c) = 15*c - 12. Calculate d(1).
3
Let t(a) = a**3 - 3*a**2 + 3*a - 3. Calculate t(2).
-1
Let v(h) = h**3 - 7*h**2 - 8*h - 10. Give v(8).
-10
Let a(f) = 17*f - 93. Determine a(6).
9
Let w(z) = -z**2 + 2*z + 12. Determine w(0).
12
Let d(q) = q + 27. What is d(-14)?
13
Let m(b) = 6*b - 11. Determine m(-4).
-35
Let p(i) = 4*i**2 - 4*i + 2. Determine p(3).
26
Let x(y) = y**2 - 12. Give x(5).
13
Let l(r) = r**2 + 8*r + 10. What is l(-7)?
3
Let i(h) = h - 1. Calculate i(8).
7
Let g(w) = w**2 + 4*w - 13. Determine g(-7).
8
Let r(k) = -k**2 + 20*k - 11. Determine r(18).
25
Let c(v) = -v + 21. What is c(22)?
-1
Let h(a) = 2*a**3 - 15*a + 19. Determine h(2).
5
Let x(s) = -s**2 - 7*s - 22. Calculate x(-4).
-10
Let l(k) = 2*k**2 - 30*k - 26. Calculate l(16).
6
Let c(m) = -m**3 - 12*m**2 + 13*m. What is c(-13)?
0
Let n(p) = -7*p + 13. Determine n(-4).
41
Let k(z) = -z + 5. Determine k(5).
0
Let f(o) = -5*o - 20. Calculate f(-4).
0
Let q(r) = 7*r**2 + 4*r - 7. Give q(3).
68
Let i(q) = q**2 + 7*q + 7. Calculate i(-5).
-3
Let n(f) = -69*f + 833. Give n(12).
5
Let y(n) = -n**3 - 5*n**2 - 5*n - 7. Determine y(-5).
18
Let r(s) = -s**3 + 20*s**2 - 49*s - 42. Calculate r(17).
-8
Let l(t) = -8*t - 9. Determine l(-4).
23
Let r(v) = -v**3 + 21*v**2 - 2*v + 32. Determine r(21).
-10
Let l(x) = 4*x + 8. Calculate l(-17).
-60
Let t(n) = -32*n**2 - 15*n - 14. Calculate t(-1).
-31
Let o(d) = 6*d - 15. Determine o(4).
9
Let h(d) 